a composite number?
False
Is 13787716433 prime?
True
Is 1425376657 a composite number?
False
Is 6612937543 a composite number?
False
Is 4921475357 a composite number?
False
Is 6119356382 a composite number?
True
Is 262098191 a prime number?
True
Is 497947903 prime?
False
Is 634212829931 a prime number?
True
Is 24192403 composite?
True
Is 3053930729 a composite number?
True
Is 20837671837 prime?
True
Is 8056015519 composite?
False
Is 9272317781 composite?
True
Is 2410475437 prime?
True
Is 13448424851 a prime number?
True
Is 14369994289 composite?
True
Is 1149416383 composite?
False
Is 10188911099 a composite number?
False
Is 4968904663 a prime number?
False
Is 10462629959 a prime number?
True
Is 108152659187 prime?
True
Is 11128405251 a prime number?
False
Is 22483393189 a composite number?
True
Is 64202673209 composite?
False
Is 41372462591 composite?
False
Is 48673578119 composite?
False
Is 1093323773 composite?
True
Is 253429417 a prime number?
True
Is 10638626261 a composite number?
True
Is 13929019331 prime?
True
Is 326714834 composite?
True
Is 19275180541 prime?
True
Is 5830004585 prime?
False
Is 7816247746 composite?
True
Is 1887905387 composite?
False
Is 790733539 a prime number?
False
Is 4609798279 composite?
False
Is 724340455 a prime number?
False
Is 3387889313 composite?
False
Is 773589923 a composite number?
False
Is 9583301407 prime?
True
Is 26418989501 prime?
False
Is 193226177 a composite number?
True
Is 23199161 a composite number?
False
Is 7942705733 composite?
True
Is 33837251167 prime?
False
Is 109257240737 prime?
True
Is 10217002501 a prime number?
True
Is 5015867203 prime?
True
Is 17174493715 a prime number?
False
Is 480532071 a prime number?
False
Is 93011652293 prime?
False
Is 21098714993 a composite number?
True
Is 756967489 prime?
True
Is 147786275437 composite?
True
Is 46962626639 prime?
True
Is 21534117809 prime?
False
Is 20658137897 a composite number?
False
Is 190615357 a composite number?
False
Is 5095107613 a composite number?
False
Is 21028840571 a composite number?
False
Is 407831687 prime?
False
Is 125230447 prime?
False
Is 587149931 a composite number?
False
Is 57745729 prime?
True
Is 2043326773 prime?
False
Is 978649079 a composite number?
False
Is 336479051 a composite number?
False
Is 2304461363 prime?
False
Is 881352371 composite?
True
Is 454344101 composite?
True
Is 20737919 composite?
True
Is 2271981671 prime?
True
Is 113871067 a composite number?
False
Is 19275399961 a composite number?
False
Is 1755598057 a composite number?
False
Is 32293150127 composite?
True
Is 60714347 prime?
False
Is 1530926249 composite?
False
Is 318003617 prime?
True
Is 5999089191 a prime number?
False
Is 297278419 composite?
False
Is 34874911 a composite number?
True
Is 7830326753 a composite number?
False
Is 12199780391 a composite number?
False
Is 850802071 composite?
True
Is 11981938883 prime?
True
Is 9235052327 prime?
False
Is 82749038 composite?
True
Is 2275884989 a prime number?
False
Is 14695902983 a composite number?
True
Is 277784839 a prime number?
False
Is 8343474739 a composite number?
True
Is 23057315531 a prime number?
False
Is 862657963 prime?
True
Is 1233548941 a composite number?
False
Is 1007174523 a composite number?
True
Is 2925062093 a composite number?
False
Is 21657695039 a composite number?
False
Is 3290810057 a composite number?
True
Is 2951714897 composite?
False
Is 2489565553 composite?
False
Is 75391538449 a prime number?
False
Is 7607034739 composite?
False
Is 71704875013 a prime number?
False
Is 84305353 a composite number?
True
Is 8878400767 a prime number?
True
Is 5823591601 a composite number?
False
Is 28157067923 composite?
False
Is 2926230737 prime?
True
Is 106047727 prime?
False
Is 11622444973 composite?
False
Is 15727800533 prime?
True
Is 413467777 a composite number?
False
Is 431442611 a composite number?
False
Is 30175329739 prime?
False
Is 28759726051 a composite number?
True
Is 5538191903 prime?
False
Is 132616201 composite?
True
Is 1303409314 prime?
False
Is 209028823 a prime number?
False
Is 685490087 prime?
True
Is 1906821811 a prime number?
False
Is 237212719 composite?
True
Is 189091787483 composite?
True
Is 212781731 a composite number?
True
Is 917628317 composite?
False
Is 3127833473 a composite number?
False
Is 154553935658 a prime number?
False
Is 4241571869 composite?
True
Is 3097776653 composite?
True
Is 156750017 a composite number?
True
Is 1267708147 composite?
True
Is 211655356711 composite?
True
Is 2304054769 prime?
True
Is 1211930747 composite?
False
Is 12266333077 a prime number?
True
Is 30561736343 a prime number?
True
Is 39083015879 a prime number?
True
Is 6719858701 composite?
True
Is 576491649 prime?
False
Is 10143595199 a composite number?
True
Is 643537913 a prime number?
False
Is 62801831 prime?
False
Is 24977851 composite?
True
Is 18599346401 composite?
True
Is 11689527299 composite?
False
Is 24815359 prime?
False
Is 885521369 a composite number?
True
Is 70034763109 prime?
False
Is 45397564871 a composite number?
True
Is 1427954347 a composite number?
False
Is 649039207 a composite number?
True
Is 996831567557 prime?
False
Is 218248483 a composite number?
True
Is 37546351186 a prime number?
False
Is 22162655987 a prime number?
False
Is 275445019 prime?
False
Is 1296774283 a composite number?
True
Is 326817781 prime?
False
Is 2308521961 composite?
True
Is 41739106613 composite?
True
Is 10136469143 a composite number?
True
Is 3029650739 a prime number?
False
Is 118250106677 composite?
False
Is 285068909 a prime number?
True
Is 1467723269 a prime number?
True
Is 33917484439 a composite number?
False
Is 617497567 prime?
True
Is 542770901 composite?
False
Is 36028397 composite?
True
Is 3281400709 a composite number?
True
Is 543311057 a prime number?
True
Is 1035987581 composite?
False
Is 1618942621 a prime number?
True
Is 26662335959 composite?
True
Is 4523556509 a composite number?
False
Is 1074445973 a prime number?
True
Is 566015785 prime?
False
Is 477821867 a prime number?
True
Is 4206373267 prime?
True
Is 20041996577 a composite number?
False
Is 60845628499 a prime number?
False
Is 332975927 a composite number?
False
Is 51524190689 prime?
True
Is 7523723047 a composite number?
False
Is 1648666447 composite?
False
Is 342449822951 composite?
True
Is 1183872187 composite?
True
Is 2289632197 prime?
True
Is 311869603 composite?
False
Is 13988507165 composite?
True
Is 1758650147 a prime number?
True
Is 1841831531 prime?
False
Is 1287038971 a prime number?
False
Is 187669262969 prime?
True
Is 1180939709 prime?
True
Is 1035296791 a prime number?
True
Is 24142813 composite?
False
Is 2777643347 prime?
True
Is 507424669 a composite number?
False
Is 943509121 composite?
True
Is 10427910301 prime?
False
Is 45423324533 prime?
True
Is 25530715829 a composite number?
True
Is 1020187171 composite?
True
Is 157783973 prime?
True
Is 3052368667 a prime number?
True
Is 386624429 prime?
True
Is 123804102361 composite?
False
Is 84928136011 prime?
True
Is 642920387 a composite number?
False
Is 23358172613 a prime number?
False
Is 2022973987 a composite number?
False
Is 474366244847 a prime number?
False
Is 1613936737 prime?
False
Is 25467132209 prime?
True
Is 8951633627 composite?
True
Is 504083803 a composite number?
False
Is 8019617491 prime?
False
Is 1888280327 a composite number?
True
Is 5644657763 a prime number?
True
Is 170281998013 a prime number?
False
Is 51860099 a composite number?
False
Is 17852123537 a prime number?
True
Is 285802901 composite?
False
Is 14818442363 a composite number?
False
Is 61857987049 prime?
True
Is 14201835539 prime?
True
Is 9103449209 composite?
True
Is 158048503 composite?
True
Is 1639262909 composite?
False
Is 1831176137 a prime number?
False
Is 25885103403 a prime number?
False
Is 9562090611 prime?
False
Is 8149168255 a prime number?
False
Is 3748844003 a composite number?
False
Is 1102909531 a prime number?
False
Is 49611166999 a composite number?
False
Is 4925116587 composite?
True
Is 26253135679 prime?
False
Is 454203443 prime?
False
Is 83028875521 a composite number?
True
Is 22430693053 composite?
False
Is 2718412751 a prime number?
False
Is 563704283 composite?
False
Is 576435089 a composite number?
False
Is 21100968797 a composite number?